igit of u(1)?
5
Let o = 16 + -22. Let b = o - -10. What is the units digit of b?
4
Suppose -r = -2*r + 5. Suppose -5*f + 0*k - k + 65 = 0, r*k + 95 = 5*f. Suppose -h - 5*x = -1 + 5, 2*h - x = f. What is the units digit of h?
6
Let o = -8 - -1. Let b = o - -16. Let l = 13 - b. What is the units digit of l?
4
Let s(l) = -l**3 - 4*l + 10*l**2 - 3*l**3 + 3*l**3 - 17 + 6. What is the units digit of s(9)?
4
Let n(w) be the first derivative of -w**3/3 - 5*w**2 + 4*w - 2. What is the units digit of n(-9)?
3
Let d(g) = -g + 1. Suppose 58 = -5*t - 4*s, 2*t + t + 34 = -2*s. What is the tens digit of d(t)?
1
Suppose -4*s = -0*s. Suppose -t + 10 + 12 = s. What is the units digit of t?
2
Suppose 30 = 6*q - 8*q. Let k = q - -21. What is the units digit of k?
6
What is the tens digit of 42 - 15/20*4?
3
Suppose r - 2*r + 227 = 0. What is the units digit of r?
7
Suppose -2*k = -5*f + 5 - 1, -4*k = 3*f - 18. What is the units digit of k?
3
Let y(b) = b**2 - 10*b + 42. What is the tens digit of y(12)?
6
Suppose n + 15 = 4*n. Let o = n - 1. Suppose o*v + 1 = 73. What is the units digit of v?
8
Let m(d) = -d**3 + 5*d**2 + 2*d - 5. Let h = -6 - -11. Let u be m(h). Suppose -u*v + b = -b - 22, 11 = 3*v + b. What is the units digit of v?
4
Let z(x) = -2*x + 5*x - 6 + 4. Let r be z(3). Let s = -2 + r. What is the units digit of s?
5
Let f = 17 + -15. What is the units digit of f?
2
Let i(w) = -w - 8. Let t be i(-8). Suppose -u + 28 = -t*u. What is the tens digit of u?
2
Suppose -11 - 18 = -3*j - 2*n, -5*j - 3*n = -49. What is the units digit of j?
1
Let j(p) = 4*p**2 + 3*p - 21. What is the tens digit of j(7)?
9
Suppose 4*b + 42 + 2 = 0. Let g(f) = f**3 + 10*f**2 - 13*f - 8. What is the tens digit of g(b)?
1
Let o = 393 + -222. What is the units digit of o/15 + 2/(-5)?
1
Suppose -g - 788 = -5*b, 3*g + 628 = 4*b + g. What is the hundreds digit of b?
1
Suppose 4*c + 0*c - 36 = 0. Let u(q) = q**3 - 10*q**2 + 11*q - 8. Let b be u(c). Suppose 5*z - b = 15. What is the units digit of z?
5
What is the tens digit of 2 + (-84)/(-3) + 3?
3
Suppose 4*o - 3 = 53. Suppose -4*h = -3*x - o, -5*h + x = 2*x - 8. What is the units digit of h?
2
Let k be -7 + 44 - (0 + 3). Let i = -20 + k. What is the units digit of i?
4
What is the units digit of 10/(1 - 6)*(-1)/2?
1
Suppose -4*v = v - 30. Suppose v*o = o + 40. What is the units digit of o?
8
Let g(a) = -a + 15. What is the tens digit of g(-19)?
3
Suppose -4*s + 5*s = 0. Suppose -1 = -h - s*h. What is the units digit of h?
1
Suppose 4 = -4*s + 2*n + 3*n, -n + 4 = 0. Let w be (s/12)/((-2)/6). Let r = w + 2. What is the units digit of r?
1
Let p = -23 + 32. What is the units digit of p?
9
Suppose 4*o - 32 = -4. What is the tens digit of 13 - 7/(o/2)?
1
Let s = -13 + 3. What is the units digit of 2/(-5) + (-64)/s?
6
Let m be 10/3 - 5/15. What is the tens digit of 36 - (-2 + m + -2)?
3
Suppose -3*u - 32 = 2*d - 7, 2*u - 42 = 4*d. Let m = 8 - d. What is the units digit of m?
9
Suppose -3*c + c + 74 = 0. What is the tens digit of c?
3
Let v(k) = k**2 + 2*k. Let g be 0 - (-5)/(15/(-9)). Let q be v(g). Suppose q = 2*z - 9. What is the units digit of z?
6
What is the units digit of (9 - 6)*(-8)/(-6)?
4
Suppose 3*j = 3*a + 18, 5 = -4*a + 5*a. Suppose 0*l + j = l. What is the units digit of l?
1
Let s = -1 + 3. Suppose -52 = s*h + 2*h. Let a = 1 - h. What is the units digit of a?
4
Let v be ((-6)/9)/((-2)/3). Let o be (v/3*0)/2. Suppose -25 = -5*r - 4*y + 5*y, o = 2*r + 3*y - 27. What is the units digit of r?
6
Suppose -4*g + u + 172 = 0, -5*u - 204 = -4*g - 48. What is the tens digit of g?
4
Suppose 125 = 3*m + 2*m. What is the units digit of m?
5
What is the tens digit of (-1)/((0 + -2)/26)?
1
Let c(h) = 4*h - 2. Let g be c(7). Suppose -5*y = -44 - g. What is the tens digit of y?
1
Let g(i) = i**3 + 4*i**2 + 2*i + 1. Let z be 6/4 - (-22)/4. Let a = 4 - z. What is the units digit of g(a)?
4
Suppose 3*y = -0*y + 96. What is the tens digit of y?
3
Let o = 26 - 8. What is the tens digit of o?
1
What is the units digit of 2/4 + (-2)/(-12)*3?
1
Let g(p) = 34*p**2 + 2*p + 2. Let y be g(-1). Suppose y = n + n. What is the units digit of n?
7
Let u(f) = -3*f + 1. Let j be u(1). Let a(o) = -o**3 + 3*o**2 + 3*o + 1. What is the units digit of a(j)?
5
Suppose -4*u + 500 = 2*k - u, -u = 2*k - 504. What is the hundreds digit of k?
2
Suppose h = -4 - 2. Let b(y) = 3*y - y**2 + 0 + 2 - 10*y. What is the units digit of b(h)?
8
Let r(n) = -3*n. Let q be r(2). Let j = 23 - 26. Let k = j - q. What is the units digit of k?
3
What is the units digit of 4/(-8) + (-1 - 411/(-6))?
7
Let f(r) = 5*r + 3. What is the tens digit of f(4)?
2
Suppose -6*v = -997 + 265. What is the hundreds digit of v?
1
Suppose 2*m - 6*m - 44 = 0. Let y = 19 + m. What is the units digit of y?
8
Suppose -p = 2*s - 28, 4*s + 4*p - 7 = 53. Let f = -2 - s. What is the units digit of (-15 + 0)*10/f?
0
Suppose -1 = 5*v - 6. Suppose 4*n = -5*p - 0*p - v, 6 = 4*n - 2*p. Suppose n = 3*a - 2. What is the units digit of a?
1
Let k = -69 + 48. Let j = -8 - k. Let q = j + -8. What is the units digit of q?
5
Let f(p) = p**2 - 7*p. Let o be f(6). Let u = o - -11. Suppose -d + 4 = u*v - 9, -4*v = -4*d + 28. What is the units digit of d?
8
Suppose 0 = 5*d - 5*x, -5*d - 5*x + 18 + 22 = 0. Let g(s) = s**3 + 8*s**2 + 2*s - 1. Let j be g(-7). Suppose -14 = d*l - j. What is the units digit of l?
5
Let p = -2 - -4. Let d(v) = -2 + 5*v**3 - 5*v + p - 4*v**3 - 5*v**2 + 2. What is the units digit of d(6)?
8
Suppose 5*v = 59 + 16. What is the units digit of v?
5
Suppose -3*s - 25 = 5*q - 0*q, 0 = -2*q - 3*s - 19. Let u = q - -12. What is the tens digit of u?
1
Suppose -11 - 44 = -s. What is the units digit of s?
5
Let j(l) = -l**3 - 12*l**2 - 2*l - 5. What is the units digit of j(-12)?
9
What is the tens digit of (-4151)/(-119) - (-4)/34?
3
Let q(d) = d**2 - 2*d + 6. Let k be q(4). Let i = k + -8. What is the units digit of i?
6
Let h(k) = 3*k**2 - 2*k - 1. Let g be 8/32 + (-31)/(-4). Let w = -6 + g. What is the units digit of h(w)?
7
Let f(g) = g**3 + 7*g**2 - g - 6. Suppose 5*t + 6 = -29. Let k be f(t). Suppose 3*y - k - 5 = 0. What is the units digit of y?
2
Let w(b) = b - 1. Let u(g) = -g - 3. Let q(m) = u(m) - 2*w(m). What is the units digit of q(-3)?
8
Let h(q) = 11*q**2 - 10*q + 8. What is the tens digit of h(4)?
4
Let c be -2 - 0*3/(-12). What is the units digit of c/(-5) + (-69)/(-15)?
5
What is the tens digit of 9*(1/1 + 8)?
8
What is the tens digit of (6 + -38)*(-5)/4?
4
Suppose 0*v - 3*l - 243 = -2*v, -5*v - l = -633. What is the hundreds digit of v?
1
Let x(j) = 2*j - 9. Let f be x(6). Let k = -5 + f. Let n = 2 - k. What is the units digit of n?
4
Suppose 5*h = 7*h - 6. Let i(k) = k**3 - 2*k**2 - 2*k - 2. What is the units digit of i(h)?
1
Let d(z) = z**3 + 2*z**2 - 3*z + 4. Let w be d(-4). Let h be (-1)/4 - 100/w. Suppose -y = -3*k - 7, 3*y - h*k + 4*k = 7. What is the units digit of y?
1
Let s(p) = 6*p**2 + 4*p - 5. Let r be s(2). Let c = 46 - r. What is the units digit of c?
9
Let c(g) = -1 - 5*g + 0*g + 3*g. What is the units digit of c(-1)?
1
What is the tens digit of (-5)/4 - 9852/(-48)?
0
Suppose -7 = 2*j - 21. What is the units digit of (1 - 0)/(8 - j)?
1
Let h = -1 - -3. Let g be (h - 0)/(4/10). What is the units digit of (6/g)/((-6)/(-15))?
3
Let m be 3 - 2*(2 + -3). What is the units digit of 47/m - (-2)/(-5)?
9
Let v be ((-12)/18)/(2/(-3)). What is the tens digit of 3 + 20/v + 0?
2
Let d(z) = -z**3 + 3. Suppose -4*k + 5*i - 4 = -22, i + 12 = 5*k. Let t be 3/(-12)*k*0. What is the units digit of d(t)?
3
Suppose -7*r = -2*r. Suppose -2*j + 35 + 5 = r. Suppose -j = 2*h - 6*h. What is the units digit of h?
5
Let g(r) = 4*r + 12. Let v be g(-8). Let l be 5/v - 10/(-8). What is the units digit of 3 - 5 - -14*l?
2
Let t(y) = 2*y. Let k be t(3). Let h = k - -13. What is the tens digit of h?
1
Suppose -4 = -4*y + t - 2*t, -4*y = 5*t + 12. Suppose y*j = 4*j - 68. What is the units digit of j?
4
Let r(h) be the second derivative of h**3/6 + 13*h**2/2 + 2*h. Let q be r(-10). Suppose -5 = -q*b + 4*t + 8, b - 3*t - 1 = 0. What is the units digit of b?
7
Suppose 2*n = 4*m - 158, -2*m + 2*n + 84 = 6*n. What is the units digit of m?
0
Let o = 309 + -202. What is the tens digit of o?
0
Let b(h) = -8*h**2 + 7*